5 + 126. Does 31 divide w?
False
Let t be (8 - 26)*4/(-6). Let z(s) = 11*s + 1. Let v be z(5). Let u = v - t. Is u a multiple of 30?
False
Let s be ((-4)/8)/((-1)/1136). Suppose 0*z + 276 = 2*z + 3*a, 4*z = -2*a + s. Does 16 divide z?
True
Let f be 12/(7 - 1)*1. Suppose 0 = 3*p - 330 - 21. Suppose -x - f*x = -p. Is 13 a factor of x?
True
Let h(u) = 11*u**3 - 7*u**2 + 13*u - 59. Let f(k) = -5*k**3 + 4*k**2 - 7*k + 30. Let b(l) = -9*f(l) - 4*h(l). Is 46 a factor of b(10)?
True
Suppose 4*y - 28 = -5*c, 3*c - c + 4*y = 16. Does 3 divide (-30)/20 + 130/c?
False
Let y(z) = -z + 12. Let n be y(9). Suppose 0 = -n*f - 15, -10 = -d + 6*f - 3*f. Is (-45)/18*6/d a multiple of 2?
False
Suppose -2*n = 2*n - 76. Suppose d + 4*a = -2*d + n, -4*a + 15 = -d. Let m = d - -7. Does 8 divide m?
True
Suppose -5*j = -4 + 9. Let z be (0 + j)/((-2)/30). Suppose 39 + z = 6*r. Is r a multiple of 6?
False
Let p = -25 - 3. Let u be (16/p)/((-4)/(-14)). Let a = u - -24. Is a a multiple of 14?
False
Let l = -10 + 73. Is l/42 - 1/(4/(-330)) a multiple of 39?
False
Suppose -4*u + 42 + 50 = 0. Suppose 0 = -3*l - 2 + u. Suppose 0 = 4*f - 5*s - 80, -2*f - 137 = -l*f - 3*s. Is f a multiple of 9?
False
Let u(x) = 19*x**3 + 4*x**2 - 8*x. Is u(2) a multiple of 8?
True
Let v = 31 + -34. Let g be (v/(-9))/((-3)/(-99)). Let n = 42 - g. Does 12 divide n?
False
Let q(a) = -78*a - 1. Suppose 8*l - 3*l + 5 = 0. Does 7 divide q(l)?
True
Does 19 divide (0 - (-16)/12)*(-285)/(-10)?
True
Let u be -3 + (-3)/(-1) - (-2 + 72). Let s = -59 - u. Is s even?
False
Let c(l) = -l**2 + 9*l + 1. Let y be c(9). Let b(x) = 84*x - 1. Does 16 divide b(y)?
False
Let h = 11 - 9. Suppose -h*k + l + 95 = 0, 143 - 378 = -5*k + 5*l. Is 12 a factor of k?
True
Let l = 53 - 53. Is 11 a factor of (l + 34/(-10) + -1)*-5?
True
Let t = 882 + -837. Is 15 a factor of t?
True
Let a(q) = -q**3 + 6*q**2 - 5*q + 5. Let j be a(5). Suppose -75 = -j*m + 2*m. Suppose -2*v - 7 = -m. Does 3 divide v?
True
Let p = -12 + 16. Suppose 2*q + p*q = 126. Is 3 a factor of q?
True
Suppose 2*p + 4*p = 18. Suppose -3*f - 9 = 0, p*r = -r + 2*f + 54. Is 6 a factor of r?
True
Suppose -4*s + 4051 = -3*t + 360, 3*s - 2787 = -4*t. Does 20 divide s?
False
Suppose 2*u - g = 2108, -2*g + 578 = u - 471. Is 9 a factor of u?
True
Let y be (4 - 4)*(0 + -1). Suppose -70 - 1 = -2*g + h, y = -4*g + h + 143. Does 4 divide g?
True
Let y(q) = 14*q**2 - 7*q - 16. Is y(-4) a multiple of 24?
False
Suppose -q + 386 = -102. Is 8 a factor of q?
True
Suppose -16*c = -13*c - 10557. Is 10 a factor of c?
False
Let g = -12 - -16. Suppose 3*q - 3*f - 1 + g = 0, q - 5*f = -21. Suppose -26 = -b - q. Does 6 divide b?
False
Let r be (-12)/(-5) + 32/(-80). Is -24*-10*r/16 a multiple of 12?
False
Let y(l) = l**3 - l - 13*l - 11 + 2*l + 6*l**2. Does 10 divide y(-6)?
False
Let c(r) = -25*r - 76. Let o be (-8 + 12)/((-2)/(-1)) - 9. Is c(o) a multiple of 3?
True
Let o = -639 - -1098. Does 17 divide o?
True
Let q be 5*86/((3 + 7)/2). Let j = q + -79. Is j even?
False
Suppose -5*l + 198 = 8. Suppose 5*t + l = 13. Is 2 a factor of (t - -2 - -19)/2?
True
Let j(g) = 18 + 17 - 84*g**3 - 47 + 13 + 2*g. Let r(h) = -h**3 + 2*h**2 + 3*h - 1. Let s be r(3). Is j(s) a multiple of 19?
False
Suppose -75*u - 4*w - 11268 = -79*u, 3*u - 2*w = 8455. Is u a multiple of 15?
False
Suppose j + 1 = -3, j + 68 = a. Suppose 0 = -59*t + 63*t - a. Does 5 divide t?
False
Does 5 divide (42/7)/(28/(-15) - -2)?
True
Suppose 0 = 3*t - 0 + 18. Let k be t/(-9) + 290/15. Let m = 37 - k. Is 17 a factor of m?
True
Suppose z - 2*u - 46 = 0, 8*u - 147 = -3*z + 5*u. Suppose 53*h - 55*h + z = 0. Is h a multiple of 12?
True
Let r be ((-261)/3)/(0 - 1). Suppose -17*v = -14*v - r. Is v a multiple of 9?
False
Let q be (32/5)/((-8)/(-20)). Let d = q + -2. Does 2 divide d?
True
Let y be (0/3)/(-3 - -5). Suppose y = i + 4*o + 36, 0*i + 53 = -3*i - o. Does 3 divide 1 - -3*i/(-4)?
False
Let n = 62 + -58. Let h(s) = 19*s - 6. Is h(n) a multiple of 7?
True
Let x = -130 + 135. Suppose -4*t - 16 = 0, -2*f - 3*t + x*t + 734 = 0. Is f a multiple of 30?
False
Let h(b) = -6*b**3 + 132*b**2 + 24*b. Is 15 a factor of h(22)?
False
Does 77 divide (4/6)/((-18)/(-24246))?
False
Suppose -135 = -a + 133. Is 11 a factor of a?
False
Let j be 4/1 + 5 + -13. Suppose -u = 1, 0*i + 3*u - 5 = 4*i. Does 12 divide 64/i*-1 - j?
True
Let g(h) = h + 5. Let t be g(10). Suppose 5*d + q = -q + 35, -d + t = 2*q. Let x = 19 - d. Does 3 divide x?
False
Let o(t) = 2*t + 707. Let v(w) = 236. Let u(y) = 3*o(y) - 8*v(y). Does 42 divide u(0)?
False
Let t = 47 - 22. Let a = -30 + t. Let j(z) = -9*z + 11. Is j(a) a multiple of 17?
False
Suppose -2*u - 2*u + 8 = 0. Suppose -2*i - 39 = -u*z - 5, -2*z - i = -49. Does 11 divide z?
True
Suppose 3*s - 29 = -2*u, 2*u - 5*u + 42 = 3*s. Is 13 a factor of u?
True
Suppose 0 = -7*j + 2*j + 1180. Suppose 5*p + 5*g - g = j, 4*p + g = 180. Is p a multiple of 22?
True
Suppose -3*t - 6 = -2*t. Let d = 14 - 3. Is 4 a factor of d - (t/(-3) - -1)?
True
Let q = -132 - -149. Suppose 0 = q*r - 1122 - 170. Is r a multiple of 8?
False
Let h(s) = -3*s - 9. Let g = 2 + 2. Suppose 0 = 4*w + 5*x + 13, g*w + w + 47 = 4*x. Is h(w) a multiple of 12?
True
Let i(q) = -q**3 - 9*q**2 + 10*q + 15. Does 3 divide i(-10)?
True
Let t(q) = q**3 + 7 - 2*q**3 + 0*q - q - 6*q**2. Let b be (-4 + 3)*-3 + (-9)/1. Is 13 a factor of t(b)?
True
Let m(b) = 48*b + 7. Let x be m(5). Let v = x + -127. Is 21 a factor of v?
False
Let v(o) = -2*o**3 - 31*o**2 + 6*o + 23. Let q be v(-16). Let k = q - -41. Is k a multiple of 16?
True
Let j(x) = -3*x**2 - 57*x - 18. Does 12 divide j(-17)?
True
Let z = 387 + 759. Is 82 a factor of z?
False
Suppose -133 + 389 = 2*s. Let r = s - 81. Suppose 5*k - r - 33 = 0. Is k a multiple of 10?
False
Let a = 275 + 425. Is a a multiple of 14?
True
Let o(d) = -13*d - 48. Does 3 divide o(-7)?
False
Suppose 0 = -4*c + u + 1592 + 406, -4*c + 2*u + 1996 = 0. Is 7 a factor of c?
False
Let j be (-2 - -2)*2/(-2). Suppose 26 = o + 3*r, 4*o = -j*o + 3*r + 74. Is 10 a factor of o?
True
Let k = 3810 + -2207. Is 19 a factor of k?
False
Suppose -398 = -2*z - 4*f, -z + 3*f + 183 = f. Is 15 a factor of z?
False
Suppose 0 = -14*n + 1441 + 2479. Does 3 divide n?
False
Let f = 29 - 3. Let s = f - 19. Is 7 a factor of s?
True
Let q = -110 - -224. Does 6 divide q?
True
Suppose -3*i = 2*i - 790. Is 10 a factor of i?
False
Let m(h) = -3*h + 35. Let g be m(11). Let r(x) = 3*x**2. Let q be r(-1). Suppose -14 = g*s - q*s. Does 7 divide s?
True
Suppose -2*g = g - k - 599, -3*g + 593 = 2*k. Suppose 2*u - g = 3*l, -u + 4*l + 388 = 3*u. Let m = u + -50. Is 14 a factor of m?
True
Let m = -4 - -6. Is 7 a factor of m/(-3)*18/8*-14?
True
Let d(c) = -c**3 + 15*c**2 - 14*c + 11. Let b be d(14). Suppose 5*g - 4 - 31 = 0. Let h = b - g. Does 3 divide h?
False
Let o(l) = -4*l**3 - 6*l**2 + 4*l - 7. Let d be o(-5). Suppose 127 = 5*z - d. Is z a multiple of 27?
False
Let w(s) = -s**3 - 8*s**2 + s + 18. Let o be w(-8). Let t be o*(0 + 1) - 0. Suppose -t = h - 29. Is h a multiple of 8?
False
Suppose 2 = 2*g - 4*v - 46, -v = g - 12. Is g a multiple of 2?
True
Suppose -17*h + 10550 - 1676 = 0. Is h a multiple of 58?
True
Let j(r) = -21*r**3 + 9*r**2 - 7*r - 9. Is j(-3) a multiple of 11?
True
Suppose -j = z - 1976 + 141, 0 = 2*j - 5*z - 3705. Is j a multiple of 47?
False
Let u(v) = -v**2 + 4*v. Let h be u(3). Suppose 0 = 4*g - h*o - 351, 0*g = -g - 3*o + 69. Suppose 0 = -l + g - 14. Does 11 divide l?
False
Suppose 243 = 13*b - 108. Is b a multiple of 2?
False
Suppose 0 = -3*b + 9, -b + 15 = 8*y - 4*y. Let o(f) = -3*f - 4*f - y - 3 - f. Is o(-5) a multiple of 9?
False
Let f(u) = 58*u**3 + 2*u - 5. Does 25 divide f(2)?
False
Suppose z - 552 = 5*v, -1347 = -2*z - 5*v - 303. Is z a multiple of 26?
False
Let a be 1*1/(-1) - (-6 - -83). Let p = 114 + a. Is 4 a factor of p?
True
Suppose -10*k + 586 = 186. Is 10 a factor of ((-18)/15*-1)/(2/k)?
False
Suppose -2*k + 1344 + 896 = 0. Does 35 divide k?
True
Suppose 45*f - 3*j - 4119 = 40*f, -3*j = 4*f - 3306. Does 11 divide f?
True
Suppose -4*q = l - 1560 + 46, 1884 = 5*q - 3*l. Let y = q + -152. Suppose -4*i + w + y = 0, 3*w - 116 = -2*i + 2*w. Is 15 a factor of i?
False
Suppose 0 = 15*z - 2670 - 945. Does 32 divide z?
False
Let d(x) = -x**2 + 2*x + 9.